What is the units digit of -1 - (j + 2) - -43?
4
Suppose 10*s = 4*b + 7*s - 7813, -2*b = 5*s - 3939. What is the tens digit of b?
5
Let j(x) = x**3 + 13*x**2 - 5*x + 1. Let t be j(-13). Suppose l - 4*k - t - 34 = 0, -l + k + 94 = 0. What is the units digit of l?
2
Suppose 5*t = 7*j - 2*j + 265, -2*t + 112 = -5*j. What is the units digit of t?
1
What is the tens digit of (-11)/((-99)/972)*4/8?
5
Let c = -752 + 1198. What is the tens digit of c?
4
Let n = -1325 - -5534. What is the tens digit of n?
0
Let c(r) be the first derivative of -r**4/4 + 2*r**3/3 + r**2/2 + 4*r + 10. Let a be c(3). What is the units digit of (-23)/(a/12*3)?
6
Suppose 123641 - 13740 = 103*a. What is the units digit of a?
7
Let j = 3 - -2. Suppose -20 = 5*r, -j*r = -0*l + 5*l - 35. Let t = l + -10. What is the units digit of t?
1
What is the tens digit of (-15 - (5 - 3))/((-4)/108)?
5
Let q be 15/(-25) - (-154)/(-10). Let b = 20 + q. What is the units digit of (-1)/(1/b*-2)?
2
Suppose 0 = 3*i - 362 - 811. What is the hundreds digit of i?
3
Suppose -10*s + 23068 = -822. What is the units digit of s?
9
Let a(z) = -7*z - 6. Let i = 26 - 31. What is the tens digit of a(i)?
2
Let f = -46 + 5148. What is the units digit of f?
2
What is the tens digit of ((1190/4)/1)/(15/30)?
9
Let d = -111 - -171. What is the tens digit of d?
6
Let r = -39 + 41. Let n = r - -46. What is the units digit of n?
8
Let w(g) be the first derivative of 10*g**2 - 5*g + 16. What is the units digit of w(7)?
5
Let t = 405 - 255. What is the tens digit of (-4)/(-4 + t/39)?
2
Let l = 11 - 8. Let v = l + 9. Suppose -c = -14 - v. What is the tens digit of c?
2
Let r(z) be the second derivative of 1/12*z**4 + 3*z**2 + 0 - 3*z - z**3. What is the units digit of r(8)?
2
Suppose 0*u - 5*u = -255. Suppose -102 = 48*q - u*q. What is the units digit of q?
4
Suppose 0 = -2*f + 3*f - 40. Suppose 5*g + 1 = h + 3*g, 0 = 5*h + 5*g + f. Let w(s) = -s. What is the units digit of w(h)?
5
Suppose 62*r = 64*r - 366. What is the hundreds digit of r?
1
Suppose 0 = 2*b + 16 + 2. Let a be ((-6)/b)/(9/27). What is the tens digit of 2 + a + (-22)/(-1)?
2
Let b be (-24)/36 + 14/3. Suppose 3*a = n + 248, -311 - 5 = -b*a + 5*n. What is the tens digit of a?
8
Suppose -8*z = -19*z + 11. Suppose n - z = 3, -463 = -5*u - 2*n. What is the units digit of u?
1
Let p(v) = v**2 - 4*v + 7. Let t be p(10). Suppose -2*g + 45 = -t. What is the units digit of g?
6
Let u = 3018 - 1821. What is the hundreds digit of (2 - 28/16) + u/12?
1
Suppose 2*w - 456 = 474. What is the hundreds digit of w?
4
Suppose 0 = 54*x - 53*x - 2, -4*x + 396 = h. What is the hundreds digit of h?
3
Suppose -4*l + 4*g + 12 = l, 15 = 5*l - 5*g. Let h be 9 + l/(-2) + 1. Let y(w) = 2*w - 13. What is the units digit of y(h)?
7
Suppose 0 = -5*i + 1213 - 458. Let t = i - 68. What is the units digit of t?
3
Let w = 305 + -74. What is the tens digit of w?
3
Let w = -395 + 244. Let b = -28 - w. What is the hundreds digit of b?
1
Let n(c) = -c**3 + 6*c**2 - 3*c - 7. Let r be n(5). Suppose -2*l + 17 = r. Suppose 10*q - 120 = l*q. What is the units digit of q?
0
Let a(r) = -3*r - 21. Let k be a(-7). Let j = -1 - -7. Suppose k = j*q - 3*q - 21. What is the units digit of q?
7
Let w(m) = -m**2 - 9*m + 5. Let q be w(-9). Suppose k + 4*t = 0, q*k + 3*t - 26 = -9. Suppose -3*v - j - 2*j = -9, -v - 3 = k*j. What is the units digit of v?
5
Suppose -17*x = -14922 + 1560. What is the units digit of x?
6
Suppose -729 = -p + 4*n, -40*p + 5*n = -35*p - 3615. What is the tens digit of p?
2
Let g(i) = -i**3 - 3*i**2 + 4*i. Let m(j) = 2*j**3 + 4*j**2 - 5*j - 1. Let n(p) = 3*g(p) + 2*m(p). Suppose 2*t = -0*t + 6. What is the tens digit of n(t)?
2
Let x(j) = j. Let c be x(2). What is the units digit of 3/c*((-1120)/(-3))/7?
0
Let v(f) = -f + 8. Let p be v(8). Suppose -2*r + 4*u = -44, 2*u + 25 = 4*r - 45. Suppose 0 = -k - p*k + r. What is the tens digit of k?
1
Let v = 177 - 377. What is the units digit of v/(-5) + 0/(-2)?
0
Suppose 0 = -2*y - 680 + 9590. What is the thousands digit of y?
4
Suppose 42*w - 46*w + 1024 = 0. What is the tens digit of w?
5
What is the tens digit of -5 - (-3 + 14/7 + -979)?
7
Suppose 3*n = -2*z - 2*z + 1442, 5*z - 25 = 0. Suppose -n = -2*m - 4*m. What is the units digit of m?
9
Let c(h) = -286*h**3 + h**2 + 3*h + 1. What is the thousands digit of c(-2)?
2
Let w(q) = q**3 - 2*q**2 + q. Let d = -22 - -24. Let c be w(d). Suppose -3*n - c*n = -250. What is the tens digit of n?
5
Let a = 31 - 15. Let p = 29 - 43. Let m = p + a. What is the units digit of m?
2
Let o(z) = 62*z**2 - 3*z - 1. Let m be o(-1). What is the units digit of ((21/(-4))/1)/((-24)/m)?
4
Let t(n) = n**3 - 16*n**2 + 16*n - 3. Let z be t(15). Suppose -2*s - z = -18. What is the units digit of 2*((-9)/(-2))/s?
3
What is the tens digit of 466 - (-8)/32*-4?
6
Suppose 103 + 62 = 11*t. Suppose -x - 9 = -4*x. Let i = t + x. What is the units digit of i?
8
Let b be 3 - 2 - (1 + -2). Suppose -5*q = b*v - 82, q - 26 + 96 = 2*v. Suppose 2*o - v = 4*h - 3*h, 0 = 4*o - h - 72. What is the tens digit of o?
1
Let z = 2 - -28. Let a = 8 - z. What is the units digit of (-2)/(-2) - (-2 + a)?
5
Let z = -20 - -31. Let t = -9 + z. Suppose -c = -t*c + 23. What is the tens digit of c?
2
Let r be 857*(-9)/(-21) + 4/(-14). Let y = -138 + r. What is the hundreds digit of y?
2
Let j be 1*(3 + -5) + 53. Suppose 20 = w - j. What is the tens digit of w?
7
Let z be (-4)/12 - (-2)/(-3). What is the units digit of 212/(-2)*(0 + z)?
6
Let k(x) = 3*x - 27. Let j(g) = 3*g - 26. Let s(t) = 5*j(t) - 4*k(t). What is the units digit of s(11)?
1
Suppose -5*z + b + 2*b = 533, -z + 4*b - 110 = 0. What is the tens digit of 1 + z*3/(-2)?
6
Suppose m = -0*m + 2. What is the units digit of m - 3/(3/(-5))?
7
Let g = 0 + 1. Suppose -4*r - v = -782, -2*v = -2*r + 201 + 195. What is the tens digit of -5*g/((-20)/r)?
4
Let c(k) = 185*k**3 + k**2 + 2. What is the units digit of c(2)?
6
Let w = 50 - 48. Let t(z) be the third derivative of z**6/20 - z**5/60 - z**4/6 + z**3/2 - z**2. What is the units digit of t(w)?
9
What is the hundreds digit of 453900/750 - (-2)/(-10)?
6
Suppose 4*l - 4034 = y + 4346, 2*y - 10462 = -5*l. What is the tens digit of l?
9
Let g = -32 + 49. Let v = 19 - g. Suppose m - 3*m + v = 0. What is the units digit of m?
1
Let r = 3 + 1. Suppose 5*o - 2*b = 728, r*o + 3*b + 0*b - 564 = 0. What is the units digit of o?
4
Let l = -46 + 66. Suppose -l*m = -21*m + 28. What is the units digit of m?
8
Suppose 3*z - 7 = -1. Let p(r) = -2*r**3 + r**2 + 2*r + 1. Let x be p(z). Let m = -3 - x. What is the units digit of m?
4
Suppose 3*w = 4*w - 5. Suppose -g + 6*h + 36 = h, w*g - 4*h - 96 = 0. Suppose 4*u - 59 = -5*l - g, 2 = u. What is the units digit of l?
7
Suppose -5*m + 8 = -2, 0 = 4*y - 3*m - 366. Let g = -6 + y. What is the units digit of g?
7
Suppose -2*a - 675 = 3*a. Let r = -58 - a. What is the units digit of r?
7
Let j be (-4 + -3)*23 + -2. Let z = 313 + j. Suppose 4*b = -5*h + 220, 4*h + 0*b - 2*b - z = 0. What is the units digit of h?
0
Suppose -2*n = s - 706, 1735 = 5*n - 0*n - 5*s. What is the tens digit of n?
5
Let s = 8 - -12. Let r = -17 + s. Suppose -2*j + 59 = -r*l, -21 = -3*j + l + 57. What is the units digit of j?
5
Suppose -57*i = -61*i + 6432. What is the units digit of i?
8
Suppose -2*i + 7*i = -4*t + 1, -2*t - 2*i = -2. Suppose 0 = 2*k + 3*v + 5, -t*v - 3 = -k + 22. Suppose 0*w = k*w - 315. What is the units digit of w?
3
Suppose 0 = 11*q - q - 3410. What is the units digit of q?
1
What is the hundreds digit of (-704)/66*59*-3?
8
Let x(j) = -17*j**3 + 4*j**2 + 18*j + 52. What is the tens digit of x(-6)?
6
Suppose 4*d - 53 = -2*x - 569, -4*x = -3*d + 1010. What is the hundreds digit of (-3)/(6/x) + -4 + 2?
1
Let a(p) be the third derivative of p**5/30 + p**4/8 - 13*p**3/6 - 9*p**2. What is the units digit of a(-5)?
2
Suppose -37*x + 99129 + 22934 = 0. What is the tens digit of x?
9
Let w = -41 + 60. Let t(x) = -x**3 + 21*x**2 - 32*x + 8. What is the hundreds digit of t(w)?
1
Let h(v) = -364*v + 288. What is the units digit of h(-9)?
4
Let p(u) = 196*u + 166. What is the hundreds digit of p(5)?
1
Suppose q - 97 = -3*k - 3*q, 5*k = 3*q + 123. What is the hundreds digit of 3/k*-3*-306?
1
Let d be (894 - -4)*2/(-4). Let m = -297 -